 + 646 - 161. What is the tens digit of 1 - (4 - j/v)?
4
Let l = 184 - 165. Suppose 1333 = l*p - 700. What is the hundreds digit of p?
1
Suppose 0*h = 3*h - 18. Let b be h/(2/8*-6). What is the units digit of 57/12 + b/(-16)?
5
What is the units digit of (-3)/(-15)*4 - (-10773)/15?
9
Let c be ((-3)/(-2))/((-24)/48). Let r(f) = -2*f**3 - 4*f**2 - 5*f - 5. What is the units digit of r(c)?
8
Let c = -1064 - -1559. What is the hundreds digit of c?
4
Let o = 63 - -4. Suppose t + o = 2*t. What is the units digit of t?
7
Let u(t) = -705*t - 90*t - 76*t - 4. Let y be u(-4). What is the units digit of (-4)/18 + y/108?
2
Let x(g) be the third derivative of 13*g**6/120 - g**5/60 - g**4/8 - g**3/6 - 19*g**2. What is the units digit of x(2)?
3
What is the hundreds digit of -37 + 41 - 1*-539?
5
Let f(x) = -31*x - 12. Let k be f(10). Let q = -68 - k. What is the tens digit of q?
5
Suppose 3*x = 4*u + 203, 0*u - 138 = -2*x + 2*u. Let s = -33 + x. Suppose 2*q - s = 5*k, 4*q = -q + 4*k + 66. What is the tens digit of q?
1
Let g = -54 - -52. What is the tens digit of (-422)/(-4) - 1/g?
0
Suppose -2463 = 2*j - 6517. Suppose -12*r - 359 + j = 0. What is the tens digit of r?
3
Let t(r) = 55*r + 50. What is the units digit of t(5)?
5
Let o = 2700 + 119. What is the thousands digit of o?
2
Let x(q) = q**3 + 6*q**2 - 5*q - 7. Suppose 2*h - 4*z = -40, -4*z = h - 10 + 30. Let s = h + 15. What is the tens digit of x(s)?
4
Suppose -16*f + 146 = -14*f. What is the units digit of f?
3
Suppose 15*a - 22*a = -161. What is the units digit of a?
3
Suppose 8*j + 11*j - 38 = 0. Suppose 0 = j*f + f - 681. What is the hundreds digit of f?
2
Let b be (-1)/(-3 + (-3412)/(-1138)). What is the units digit of b/9 + (-3)/(81/6)?
3
Let i = -12 + -7. Let z = -14 - i. Suppose z*r - 205 = -s, -2*s = -6*s. What is the tens digit of r?
4
Suppose 0 = -0*l - 4*l + 5*s - 78, -3*s - 6 = 0. Let m = 42 + l. Suppose 4*p = -p + m. What is the units digit of p?
4
Suppose -58*j + 51*j = -22449. What is the thousands digit of j?
3
Suppose -15*f - 255 = -12*f. Let a = 178 + f. What is the units digit of a?
3
Let u(y) = 43*y**3 - 8*y**2 + 30*y + 1. What is the units digit of u(3)?
0
What is the units digit of 12/15*(-5)/2 + 23?
1
Let z(a) = 8*a - 5. Let r = -5 + 0. Let y = 7 + r. What is the tens digit of z(y)?
1
Let v = 12 - 5. Suppose n + 0*n = v. Let x = 40 - n. What is the tens digit of x?
3
Suppose -3*m + 4*v - v = 1155, -4*v = 4*m + 1572. Let p = -226 - m. What is the tens digit of p?
6
Suppose g - 4*i - 938 = 910, 2*i = -2*g + 3646. What is the units digit of g?
8
Let c = 24 + -22. Suppose 5*w - 2*b = 2, -14 = 3*w - 7*b + c*b. Suppose -45 = -w*t + t. What is the units digit of t?
5
Suppose 0 = -10*f + 5*f + 30. Let r be f + 4 + 3 + -8. Suppose 2*y - 74 = -r*a - 28, 2*a - 2*y - 10 = 0. What is the units digit of a?
8
Suppose -688*q + 689*q - 4271 = 0. What is the thousands digit of q?
4
Let b = 743 - 467. Suppose 3*o - 941 = -2*y, y + 6 = 4. Suppose 4*p = 4*l - b, o = 4*l + l + p. What is the units digit of l?
4
Suppose t + 3 = 0, 4*t + 372 = 5*i + 80. Let w be i/(-21)*297/(-6). Suppose w = 4*b + 2*d, -3*d = 5*b - 0*d - 165. What is the tens digit of b?
3
Suppose -4*j + 671 = 75. Suppose -10*h = -j + 39. What is the units digit of h?
1
Let f be (-735)/(-42) + 2/(-4). Suppose 4*y + q = 23, -2*q + q - f = -4*y. What is the units digit of y?
5
Suppose -p + 5*x + 12 = 0, 0*p + 14 = 2*p - 5*x. Let h = p - 0. What is the units digit of h?
2
Let h(g) = 3*g + 7. Let j be 4 + 18/(-3) + -2. Let m be h(j). Let v(t) = t**3 + 5*t**2 + 5. What is the units digit of v(m)?
5
Let j(a) = a**3 - 3*a**2 - 2*a - 3. Let w be (-1)/((-2)/10) + -1. Let g be j(w). Suppose -g*x - 13 = -103. What is the tens digit of x?
1
Let v(k) = k**3 + 6*k**2 - 3*k - 4. Let b be v(-5). What is the units digit of -65*(b/15 + -3)?
9
Suppose -2*l - 3*j = 64, l + 3*j + 23 + 12 = 0. Let w = l + 57. What is the units digit of w?
8
Suppose 0 = -16*d + 2461 + 11667. What is the tens digit of d?
8
Let c = -101 + 212. What is the units digit of c + -2*(-6 + 4)?
5
What is the hundreds digit of (-52036)/(-28) - 5/140*12?
8
Suppose 4*o - s - 3764 = 0, 2*s - 2823 = -3*o - 0*s. What is the units digit of o?
1
Let m(a) = -a**2 - 25*a + 9. Suppose -2*p - 52 = -2*k, 3*k + 1 = p + 37. What is the tens digit of m(p)?
9
What is the units digit of ((-40)/25 - 0)/((-4)/4090)?
6
Let t be (-16920)/(-48) + (-1)/2. Suppose -6*g + 392 = -t. What is the hundreds digit of g?
1
Let y be (-8)/36 + (-9888)/(-27). Let u be y/(-4)*(-2)/(-3). What is the units digit of u/(-3) + 9/(-27)?
0
What is the tens digit of -4 + 2 + -4 + 85?
7
Suppose z - 357 = -3*o, -6*z + 2*z = -2*o - 1372. What is the units digit of z?
5
Let a be 98 + 5 + -11 + 3. Suppose 121 + a = 9*f. What is the units digit of f?
4
Let d = 534 - 310. What is the hundreds digit of d?
2
Suppose o + 32 = z - 199, z - 5*o - 243 = 0. What is the tens digit of z?
2
Suppose -6*i + 2*i + 4*l = -1116, -4*i = 2*l - 1098. What is the tens digit of i?
7
Let c = -14 + 43. Suppose -4*y = y - 3*g + c, 31 = -4*y + 5*g. What is the units digit of ((-19)/2)/(y/8)?
9
Let w be 0/(4*2/8). Suppose w = -2*a - a. Suppose -2*t + a*t + 18 = g, 3*t = g + 27. What is the units digit of t?
9
Let a = 159 - 159. Suppose -5*q - 10 = a, 3*q - q = 3*g - 199. What is the tens digit of g?
6
What is the units digit of 324/(-18)*172/(-6)?
6
Let t = 14 - 11. Suppose 0 = 2*l + t*l + 55. Let c(v) = v**3 + 10*v**2 - 13*v - 8. What is the tens digit of c(l)?
1
Let d(a) = 0*a**3 - 6*a + a**3 - 6 - 7*a**2 - 2*a**3. Let s = 365 + -372. What is the tens digit of d(s)?
3
Let q(d) = -d**2 - d**3 + 13*d - 15*d - 3*d**2. Let k be q(-3). Let u(y) = 6*y**2 + y. What is the tens digit of u(k)?
5
Let q be 15/(-10) + 14/4. Suppose 5*j + g = 244, g - 1 = -q. What is the tens digit of j?
4
Let k(j) = 4 - 7*j + 6*j**2 + 2*j - 2*j - j**3 + 0*j. Let z be k(4). Suppose 4*p - 140 = z. What is the tens digit of p?
3
Let l be 32/(-2)*6/(-12). Suppose -p - l = p, -5*p = -u + 86. What is the tens digit of u?
6
Suppose -17 = 2*f - u, 0 = 2*f - f + u + 7. Let o(m) be the third derivative of -m**4/2 - 25*m**3/6 - 12*m**2 + m. What is the tens digit of o(f)?
7
What is the units digit of -3423*(8 + (-286)/33)?
2
Let i = 72 - 72. Suppose 4*x = 2 - 22, i = -a - 4*x + 72. What is the tens digit of a?
9
Let k(u) = -2*u**3 + 38*u**2 - 36*u - 3. What is the hundreds digit of k(15)?
2
Suppose 3*s + 0*s = 4*a + 70, 3*a = 2*s - 52. What is the units digit of 1*(1 + a/(-4))?
5
Let p = 3050 - 1087. What is the hundreds digit of p?
9
Suppose 6*r - 495 = r. Let b = 14 - 13. What is the units digit of (2 - b)/(3/r)?
3
Let g(f) = -2*f**3 + 8*f**2 + 16*f + 7. Let p be g(7). Let i = 284 + p. What is the tens digit of i?
0
Let i(n) = -69*n + 6*n**2 - 15 + 52*n - n**3 - 18*n**2 - 11. What is the units digit of i(-11)?
0
Let v = 3766 + -2612. What is the units digit of v?
4
Let t = -88 + 166. Suppose -t = -3*w + 438. What is the tens digit of w?
7
Let p = 17 - 12. Suppose 0 = p*i - 2 - 13. Suppose b + w - 68 = -b, -i*b + 2*w + 102 = 0. What is the units digit of b?
4
Let v be (-162 - 0) + (0 - 1). Let d be (-1 - 39/(-12))/((-72)/7296). Let z = v - d. What is the units digit of z?
5
Suppose 0 = -4*j + 3*o + 1301, 0*j = -3*j + 5*o + 973. Let b = -194 + j. What is the hundreds digit of b?
1
Suppose -1559*i = -1558*i - 530. What is the hundreds digit of i?
5
Let n = 4365 - 2386. What is the hundreds digit of n?
9
Let f = -27 - -30. Suppose -2*p + 65 = f. What is the units digit of p?
1
Let q(a) be the third derivative of a**4/12 - 6*a**2. Let m be q(-4). What is the units digit of m/(-24) - (-59)/3?
0
Let h(n) be the first derivative of -n**4/4 + 8*n**3/3 + 13*n**2/2 - 3*n - 20. What is the hundreds digit of h(6)?
1
Suppose 11 = 2*j + 5. Suppose d = j*d. Suppose d = 3*z - 15, -3*z - 115 = -3*a - 8*z. What is the tens digit of a?
3
Suppose 4*v = -2*i - 0*v + 160, 4 = 4*v. Suppose -47 = 3*k + 2*h, 5*h = 4*k - 0*k + i. Let r = k - -28. What is the units digit of r?
1
Let y(o) = 21*o**3 + 8 - 8*o**3 + 20*o + 19*o**2 - 14*o**3. Let d be y(20). What is the units digit of d/(-6)*(-18)/6?
4
Let w(o) = 5*o**3 - 11*o**2 - 5*o**3 + 11 + 9*o + 4*o**3 - 3*o**3. Let h be w(10). What is the units digit of (18/3 - 3) 